 0. What is the remainder when s is divided by (21 - (d + -2)) + -4?
20
Let m be 372/(-21) + 2/(-7). Let b be (-4)/m - 6/27. Suppose i = 5*h - 46, b = -h - i + 17 - 3. Calculate the remainder when h is divided by 3.
1
Suppose -15*l + 10*l + 20 = 0. Suppose d - f = 119, 6*d - 4*d = -l*f + 208. What is the remainder when 24 is divided by 1/(d/(-39) + 3)?
11
Let l(y) = -4*y - 8. Let z be l(-2). Suppose z = 5*s + 81 - 271. Calculate the remainder when s is divided by 13.
12
Let p(n) = n + 9. Let w be p(-7). Suppose 0 = 3*d - 7 - w. Let c(b) = b**2 + 2. Calculate the remainder when d is divided by c(0).
1
Suppose -6*v + 8 = -2*v. Let i(h) = h**3 + 10*h - 8*h + 3*h**3 - 3 - h**2 - 2*h**v. What is the remainder when 62 is divided by i(2)?
20
Let p = -1791 + 1850. Calculate the remainder when 4422 is divided by p.
56
Let n(b) be the second derivative of b**4/12 + 5*b**3/6 + b**2/2 + b. Suppose -3*c + 8*c - 10 = 0. What is the remainder when n(-6) is divided by c?
1
Let b = 522 - 240. Calculate the remainder when (4 - b/9)/(4/(-6)) is divided by 11.
8
Let l = 224 + -169. What is the remainder when 55 is divided by l?
0
Suppose -12 = -5*l - z - 2*z, -4*l + z - 4 = 0. Suppose l = -4*w + 35 - 23. What is the remainder when w is divided by 1?
0
Let r(f) = -3*f - 16. Let j be r(-6). Suppose 354 = 5*l + 3*a, -168 = -4*l + j*a + 102. What is the remainder when l is divided by 18?
15
Suppose -6 = -3*x - 0*x. Suppose 0 = v - 2, -v = -5*j + 7 + 1. Calculate the remainder when x is divided by j.
0
Suppose 10*h = 54*h - 440. Suppose -3*q + 8 = -2*q. What is the remainder when h is divided by q?
2
Suppose d - 18 = 11. Let g = 111 + -95. What is the remainder when d is divided by g?
13
Let n(c) = 17*c**2. Let d be n(1). Let x be d - 4/(4/3). Let a = x + 27. Calculate the remainder when a is divided by 14.
13
Calculate the remainder when (-36)/(-27)*84/8 is divided by 3.
2
Let p(d) = -d + 20 - 7 + 7. Let n(x) = x**2 + 25*x - 137. Let q be n(-30). Calculate the remainder when 11 is divided by p(q).
4
Suppose 72 = 5*h - 4*h + f, 2*h = 3*f + 154. What is the remainder when h is divided by 24?
2
Suppose -4*f - 23*t = -26*t - 340, 3*t = 2*f - 176. Calculate the remainder when f is divided by 28.
26
Let b be -24 + (-2 - -1)*(-21)/(-7). Suppose -3*p - 28 = 5*g, 7*g + 29 = 2*g - 4*p. Let w = g - b. What is the remainder when w is divided by 6?
4
Let p(b) = b - 10. Let r be p(5). Let v(i) = i**3 + 4*i**2 - 4*i + 12. What is the remainder when v(r) is divided by 4?
3
Let z(w) = -28*w - 209. What is the remainder when 22 is divided by z(-8)?
7
Suppose -4*a + 161 = -59. Calculate the remainder when 47 is divided by (a/(-33))/((-1)/15).
22
Let z = -8 + 56. Suppose -5*d - 2*s + 474 = 0, 6*d - 5*d + s - 96 = 0. Let i = d - 69. What is the remainder when z is divided by i?
23
Let w(q) = 11*q + 797. Calculate the remainder when 124 is divided by w(-72).
4
Let b = -307 - -336. Calculate the remainder when b is divided by 8 + 0 + 0 + 0.
5
Let d be 3/(-12) - (-125)/20. Let g = d - -12. Suppose 74 = -4*h + 282. Calculate the remainder when h is divided by g.
16
Let q(w) = w**2 - 9*w - 8. Let x be q(7). Let z = -19 - x. Suppose -52 = z*f - 7*f. Calculate the remainder when 46 is divided by f.
7
Let b(d) = -d**3 - 18*d**2 + 15*d - 8. Suppose 2*y = 2*z + 40, 96 = -4*z - z + y. Let f = 34 + -11. Calculate the remainder when b(z) is divided by f.
22
Let q be -3 + -1 + 3 + 15. Suppose -72 = -q*b + 26. What is the remainder when 39 is divided by b?
4
Let r(z) = -7*z - 17. What is the remainder when 31 is divided by r(-4)?
9
Let b = -21 + 24. Calculate the remainder when (-6*(-39)/12)/(b/6) is divided by 11.
6
Suppose 226*g - 592 = 222*g. Calculate the remainder when g is divided by 30.
28
Suppose -1512 = -6*r - 15*r. What is the remainder when 213 is divided by r?
69
Suppose -7*r = 5*y - 2*r - 140, 4*y = -3*r + 110. What is the remainder when y is divided by 8?
2
Let h = 34 + -20. Let i be 4/2*18/(-12). Let b(p) = -23*p - 2. What is the remainder when b(i) is divided by h?
11
Calculate the remainder when 342 is divided by 69 + -23 - 4/(2 - 4).
6
Suppose 5*m + 4*g = 412, -4*g - 90 = -2*m + 86. Calculate the remainder when m is divided by 24.
12
Let b = 301 - 201. Suppose -1 + 37 = 3*u. Calculate the remainder when u is divided by (-1)/6 - b/(-24).
0
Let d = -19 - -31. Suppose -j - 3 = d. Let l = 20 + j. What is the remainder when 14 is divided by l?
4
Let u(c) = -40*c - 12. Suppose 0 = 150*f - 147*f - 57. Calculate the remainder when u(-5) is divided by f.
17
Let n = -55 + 72. Calculate the remainder when 169 is divided by n.
16
Let h = 4 - 2. Suppose -g + 22 = 4*k - 4, h*k - 8 = 0. What is the remainder when 16 is divided by g?
6
Suppose 0 = -2*q + 5*o + 627, 2*q - 157 = -o + 452. Calculate the remainder when ((-8)/6 + 2)/(12/q) is divided by 9.
8
Suppose -12 = -3*z, -m - m + 58 = -5*z. Let n = -5 + 10. Suppose 65 = 5*t - n. What is the remainder when m is divided by t?
11
Suppose -4*f + 144 = -3*f - l, -3*f + 452 = 2*l. Calculate the remainder when f is divided by 10.
8
Suppose 8 = 4*z - 12. Suppose 4*c - 52 = -4*x, z*c - 2*x = -x + 95. What is the remainder when 35 is divided by c?
17
Suppose -u = -4*v - 115, 217*u - 3*v = 221*u - 479. What is the remainder when u is divided by 20?
19
Let w(k) = 8*k + 341. What is the remainder when w(-21) is divided by 278/8 - (-4)/16?
33
Suppose -14*n + 18*n + 3*t - 983 = 0, 4*n = 2*t + 978. What is the remainder when n is divided by 19?
17
Suppose 0 = -d - 249 + 270. What is the remainder when 120 is divided by d?
15
Let v(d) = 3*d**2 - d - 1. Calculate the remainder when v(-1) is divided by ((-3)/(-6))/(((-3)/6)/(-1)).
0
Suppose c - 25 = 2*y + 73, -5*y = 20. Let j = 62 - c. Let r = j - -29. What is the remainder when 4 is divided by r?
0
Let o(x) = -17*x + 110. What is the remainder when 251 is divided by o(6)?
3
Let b = -13 - -24. Suppose q + 8*r = 3*r + 21, -5*q = -5*r - 15. Suppose 1 = -3*z - 5*n, -2 = -2*n - q. Calculate the remainder when b is divided by z.
2
Suppose -2*c - 4 + 8 = 0. Let m(z) = -z**3 - z**2 + 2*z - 2. Let b be m(c). What is the remainder when (b/(-4))/((-5)/(-70)) is divided by 12?
11
Calculate the remainder when 600 is divided by (-30 + 9)/(3/(-2)).
12
Suppose 13*a + 258 = 15*a. What is the remainder when a is divided by 20?
9
Let r = 107 + -81. Suppose 7*a - 48 = 2*a + 3*v, 0 = 4*a + v - 35. What is the remainder when r is divided by a?
8
Let m = 1750 + -1694. Calculate the remainder when 1622 is divided by m.
54
Let g(u) = u**2 + 2*u - u + 0 + 1. Let w be g(4). Calculate the remainder when w - (0 - 0 - -1) is divided by 7.
6
Suppose 0 = -5*p + 25 - 0. Suppose -7*y + 6 = -p*y. Suppose -y*z - 4*w = -73, -17 = -z - w - 4*w. What is the remainder when z is divided by 14?
13
Suppose -7*r + 5*r = h - 61, 5*h - 74 = -3*r. What is the remainder when r is divided by 23?
10
Suppose 5*f + 10 = 0, -5*f - 8 = -h - 3*f. Calculate the remainder when 127 is divided by h.
3
Let v(b) = -2*b**3 - 81*b**2 - 118*b - 21. What is the remainder when 25 is divided by v(-39)?
7
Let x(s) = -s**2 - 6*s + 23. Let o be x(5). Let u = -24 - -57. Let j = u + o. Calculate the remainder when 2 is divided by j.
0
What is the remainder when 6 + (5 - -25)*8 is divided by 19?
18
Suppose -a - 5*g + 12 = 0, 3*a - 5 = -5*g + 11. Suppose 4*y - a = 2. What is the remainder when 11 is divided by y + -1 + (-6)/(-2)?
2
Let l(j) = 19*j - 1. Let p be l(3). Let m = 85 - p. What is the remainder when m is divided by 52/6 - 13*(-2)/(-39)?
5
Let v be 2/9 + (-145)/45. Let j = v + 5. Suppose 4*l - 17 = -5*a + 4*a, j*l = 4*a - 14. Calculate the remainder when 14 is divided by a.
4
Calculate the remainder when ((-628)/(-6))/((-2)/(-3)) is divided by 45.
22
Let z = -205 - -236. Calculate the remainder when (-2)/(-7) - 5380/(-35) is divided by z.
30
Let c(p) = -p**2 - 10*p - 12. Let o be c(-9). Let y(w) = -4*w**2 - 3*w - 3. Let t be y(o). Let k = t - -50. Calculate the remainder when 79 is divided by k.
19
Suppose -72*h + 81*h - 144 = 0. Calculate the remainder when 36 is divided by h.
4
Let b = -103 - -141. Suppose b = 5*r - 6*n + 3*n, -42 = -5*r + 2*n. What is the remainder when 29 is divided by r?
9
Suppose -4*i - 20 = 0, -u = 4*i - 2*i - 8. What is the remainder when u is divide